{"id":386,"date":"2024-06-08T10:45:21","date_gmt":"2024-06-08T10:45:21","guid":{"rendered":"https:\/\/www.imarja.mojweb.com.hr\/homework\/homework4\/?post_type=product&#038;p=386"},"modified":"2024-06-08T11:12:09","modified_gmt":"2024-06-08T11:12:09","slug":"precizna-olovka-za-oci","status":"publish","type":"product","link":"https:\/\/www.imarja.mojweb.com.hr\/homework\/homework4\/product\/precizna-olovka-za-oci\/","title":{"rendered":"Precizna olovka za o\u010di"},"content":{"rendered":"<p><span style=\"font-weight: 400;\">Postignite savr\u0161en eyeliner s na\u0161om preciznom olovkom za o\u010di. Fina vrh olovke omogu\u0107uje jednostavnu primjenu, dok dugotrajna formula osigurava da va\u0161 izgled ostane postojan cijeli dan. Napravljena od sigurnih, prirodnih sastojaka.<\/span><\/p>\n","protected":false},"excerpt":{"rendered":"<p>Postignite savr\u0161en eyeliner s na\u0161om preciznom olovkom za o\u010di. Fina vrh olovke omogu\u0107uje jednostavnu primjenu, dok dugotrajna formula osigurava da va\u0161 izgled ostane postojan cijeli dan. Napravljena od sigurnih, prirodnih sastojaka.<\/p>\n","protected":false},"featured_media":387,"comment_status":"open","ping_status":"closed","template":"","meta":[],"product_cat":[22],"product_tag":[],"class_list":{"0":"post-386","1":"product","2":"type-product","3":"status-publish","4":"has-post-thumbnail","6":"product_cat-makeup","8":"first","9":"instock","10":"taxable","11":"shipping-taxable","12":"purchasable","13":"product-type-simple"},"jetpack_sharing_enabled":true,"_links":{"self":[{"href":"https:\/\/www.imarja.mojweb.com.hr\/homework\/homework4\/wp-json\/wp\/v2\/product\/386","targetHints":{"allow":["GET"]}}],"collection":[{"href":"https:\/\/www.imarja.mojweb.com.hr\/homework\/homework4\/wp-json\/wp\/v2\/product"}],"about":[{"href":"https:\/\/www.imarja.mojweb.com.hr\/homework\/homework4\/wp-json\/wp\/v2\/types\/product"}],"replies":[{"embeddable":true,"href":"https:\/\/www.imarja.mojweb.com.hr\/homework\/homework4\/wp-json\/wp\/v2\/comments?post=386"}],"wp:featuredmedia":[{"embeddable":true,"href":"https:\/\/www.imarja.mojweb.com.hr\/homework\/homework4\/wp-json\/wp\/v2\/media\/387"}],"wp:attachment":[{"href":"https:\/\/www.imarja.mojweb.com.hr\/homework\/homework4\/wp-json\/wp\/v2\/media?parent=386"}],"wp:term":[{"taxonomy":"product_cat","embeddable":true,"href":"https:\/\/www.imarja.mojweb.com.hr\/homework\/homework4\/wp-json\/wp\/v2\/product_cat?post=386"},{"taxonomy":"product_tag","embeddable":true,"href":"https:\/\/www.imarja.mojweb.com.hr\/homework\/homework4\/wp-json\/wp\/v2\/product_tag?post=386"}],"curies":[{"name":"wp","href":"https:\/\/api.w.org\/{rel}","templated":true}]}}