{"id":390,"date":"2024-06-08T10:49:11","date_gmt":"2024-06-08T10:49:11","guid":{"rendered":"https:\/\/www.imarja.mojweb.com.hr\/homework\/homework4\/?post_type=product&#038;p=390"},"modified":"2024-06-08T11:09:37","modified_gmt":"2024-06-08T11:09:37","slug":"hidratantna-krema-za-lice","status":"publish","type":"product","link":"https:\/\/www.imarja.mojweb.com.hr\/homework\/homework4\/product\/hidratantna-krema-za-lice\/","title":{"rendered":"Hidratantna krema za lice"},"content":{"rendered":"<p><span style=\"font-weight: 400;\">Ova hidratantna krema za lice oboga\u0107ena je prirodnim biljnim sastojcima kako bi hidratizirala i pomladila va\u0161u ko\u017eu. Prikladna za sve tipove ko\u017ee, brzo se upija i ne ostavlja masni trag. Bez parabena i sinteti\u010dkih mirisa.<\/span><\/p>\n","protected":false},"excerpt":{"rendered":"<p>Ova hidratantna krema za lice oboga\u0107ena je prirodnim biljnim sastojcima kako bi hidratizirala i pomladila va\u0161u ko\u017eu. Prikladna za sve tipove ko\u017ee, brzo se upija i ne ostavlja masni trag. Bez parabena i sinteti\u010dkih mirisa.<\/p>\n","protected":false},"featured_media":391,"comment_status":"open","ping_status":"closed","template":"","meta":[],"product_cat":[22],"product_tag":[],"class_list":{"0":"post-390","1":"product","2":"type-product","3":"status-publish","4":"has-post-thumbnail","6":"product_cat-makeup","8":"first","9":"instock","10":"taxable","11":"shipping-taxable","12":"purchasable","13":"product-type-simple"},"jetpack_sharing_enabled":true,"_links":{"self":[{"href":"https:\/\/www.imarja.mojweb.com.hr\/homework\/homework4\/wp-json\/wp\/v2\/product\/390","targetHints":{"allow":["GET"]}}],"collection":[{"href":"https:\/\/www.imarja.mojweb.com.hr\/homework\/homework4\/wp-json\/wp\/v2\/product"}],"about":[{"href":"https:\/\/www.imarja.mojweb.com.hr\/homework\/homework4\/wp-json\/wp\/v2\/types\/product"}],"replies":[{"embeddable":true,"href":"https:\/\/www.imarja.mojweb.com.hr\/homework\/homework4\/wp-json\/wp\/v2\/comments?post=390"}],"wp:featuredmedia":[{"embeddable":true,"href":"https:\/\/www.imarja.mojweb.com.hr\/homework\/homework4\/wp-json\/wp\/v2\/media\/391"}],"wp:attachment":[{"href":"https:\/\/www.imarja.mojweb.com.hr\/homework\/homework4\/wp-json\/wp\/v2\/media?parent=390"}],"wp:term":[{"taxonomy":"product_cat","embeddable":true,"href":"https:\/\/www.imarja.mojweb.com.hr\/homework\/homework4\/wp-json\/wp\/v2\/product_cat?post=390"},{"taxonomy":"product_tag","embeddable":true,"href":"https:\/\/www.imarja.mojweb.com.hr\/homework\/homework4\/wp-json\/wp\/v2\/product_tag?post=390"}],"curies":[{"name":"wp","href":"https:\/\/api.w.org\/{rel}","templated":true}]}}